3*n + 47. Let w be c(-12). Suppose -4 = -p - 0. Let m(j) = 2*j + 3. Let d(k) = p*m(k) + w*s(k). Determine d(1).
-2
Let n(s) = 7*s - 2. Suppose -7*d + 18 = 46. Let l(t) = -3*t + 2. Let m(c) = d*n(c) - 9*l(c). Give m(9).
-19
Let d(l) = 4*l**2 - 3*l - 3. Let g(w) = -w**2 + 16*w + 1535. Let k be g(-32). Give d(k).
4
Let l be (8725/(-8376))/(5/(-2)). Let f(r) be the second derivative of -5/2*r**2 - l*r**4 + 0 - r**3 - 22*r - 1/20*r**5. Give f(-4).
3
Let j(p) = 2*p**2 - 3*p - 3. Let c be j(3). Let s = -252 + 252. Let b(r) = -2*r + r**3 + s - 4*r**2 - 2 - 2*r**3 + c*r. What is b(-4)?
-18
Suppose -2*k = -3*z - 2, -47*k = 5*z - 43*k - 26. Let v(b) = -4*b**2 + 6*b - 4. Calculate v(z).
-8
Let v(b) = b**2 + 10*b + 8. Suppose 10*p + 504 = -2*p. Let u be (0 - (-8)/(-6))/(p/(-189)). Determine v(u).
-16
Let j(w) = 6*w**3 - 10*w**2 + 40*w - 2. Let m(y) = y**3 - 3*y**2 + 9*y. Let d(o) = j(o) - 5*m(o). Suppose -5*n + 0*n = 30. What is d(n)?
-8
Let p(f) = -f - 3 - 3*f - 12*f - 2*f + 2*f. Calculate p(4).
-67
Suppose 53*k - 72487 = -73865. Let a(y) = -14*y - 353. Determine a(k).
11
Let j(l) = -9*l + 29. Let v(z) = 14*z - 32. Let s(h) = -5*j(h) - 4*v(h). Calculate s(-5).
38
Let i(k) = -2 - 239*k + 0 + k**2 + 240*k. Let b = 13 + -69. Let q = 52 + b. What is i(q)?
10
Let v(n) = 271 + 272 + 264 + 274 + 18*n - 1110 + 2*n**2. What is v(-14)?
111
Let w(g) = 3*g - 1. Let y(v) be the second derivative of 11*v + 0 + 1/3*v**4 + 1/20*v**5 - 7/2*v**2 - v**3. Let c be y(-5). Determine w(c).
-7
Let o be 9 - 115/(2 + 21). Let u(l) = 3*l**2 - l + 7. Calculate u(o).
51
Let x(s) = 9*s**3 - 42*s**2 - 46*s + 32. Let v(c) = c**3 - 4*c**2 - 4*c + 1. Let o(q) = -8*v(q) + x(q). Determine o(11).
-9
Suppose t = -u - 5 + 12, -u + 13 = 3*t. Suppose u = 2*q, 4*q - 9 = -5*o + 4*o. Suppose i - 5 = -o. Let w(d) = -2*d**2 - d + 5. Calculate w(i).
-31
Suppose -5*l + 9 = 2*p, 2*p - 1 = -84*l + 87*l. Let m(a) = 10*a - 7. Give m(l).
3
Suppose 0 = 62*w - 63*w - 6. Let v(y) = -14*y**2 + 24*y - 14. Let r(n) = 5*n**2 - 8*n + 5. Let p(i) = w*v(i) - 17*r(i). What is p(-8)?
-1
Let z(i) be the third derivative of 11*i**4/12 - 8*i**3/3 - 15*i**2 + 37*i + 1. Calculate z(4).
72
Let a = -121 + 117. Let w(k) = 11*k**2 - 9*k + 27. Let b(t) = -5*t**2 + 5*t - 13. Let l(f) = a*w(f) - 9*b(f). Calculate l(8).
1
Suppose 0 = -2*i - 3*i, 0 = -g - 3*i - 7. Suppose 4*o = -5*m + 3*o + 1, -2*m = -3*o - 14. Let c(h) = -m + 484*h - 483*h + 5 - 1. Give c(g).
-4
Let z(o) = -o + 7. Let y(h) = -1. Let l(x) = 2*y(x) + z(x). Let k be l(5). Let r(m) = m - 134. Let a(j) = -j + 198. Let d(f) = -2*a(f) - 3*r(f). Give d(k).
6
Let n(m) = m**3 - 10*m**2 - 6*m - 7. Let r(w) = -155*w + 476. Let v be r(3). Give n(v).
48
Let r(k) = k**3 + 9*k**2 + 23*k + 63. Let b be (-1)/((5 + -2)*43/903). Determine r(b).
0
Let m(w) = -24*w**2 + 33 + 27*w**2 + 29 - 46 - 28*w. Determine m(8).
-16
Suppose a + 49 = 6*d - d, 2*d = -3*a + 6. Let c = d - 2. Let g(l) = 631*l + 9. Let j(i) = 789*i + 10. Let w(m) = 5*g(m) - 4*j(m). Calculate w(c).
-2
Let u(j) = j + 5. Suppose -6*g + 3*g = 2*p - 2350, -3*g = 4*p - 2348. Suppose 5*z + 794 = g. Determine u(z).
3
Let i(t) be the first derivative of t**3/3 + 9*t**2/2 - 3*t - 47. Let d(z) = 2*z. Let y be d(-4). What is i(y)?
-11
Let y(l) = 60 + 59 + 65 - 254 + 71 - 3*l. Let p(n) = -2*n + 37. Let i(d) = d - 25. Let o(f) = -8*i(f) - 5*p(f). Let a be o(-7). Determine y(a).
-2
Let x(c) = c**2 + 4*c + 4. Suppose 4*f + 23 = 11. Let k be f - (27/9)/3. Determine x(k).
4
Let o(s) = -s**3 - 4*s**2 + 8*s - 2*s**2 + 5 + 5*s**2 - 10*s + 2*s**3. Determine o(4).
45
Let m(i) = i**2 - 35*i + 249. Let o be m(10). Let c(l) = 7*l**3 - l**2 - 4*l - 2. Give c(o).
-6
Let o = -16 - -365. Let s = 352 - o. Let v(x) = 8*x - 2. Determine v(s).
22
Let w(t) = 4*t**2 - t - 24. Let z(c) = -7*c**2 + 4*c + 49. Let g(n) = 5*w(n) + 3*z(n). Calculate g(11).
-17
Let k(m) be the third derivative of -7*m**5/30 - m**4/12 + m**3/6 + 515*m**2. Suppose 3*a + a = 4. What is k(a)?
-15
Let q(j) = 27*j**3 - 2*j**2 + 1. Let c = -3464 - -3465. Calculate q(c).
26
Let n(q) = -2*q - 13. Let f(r) = 4*r + 93 - 5*r + 2*r - 78. Let o(p) = 5*f(p) + 6*n(p). Give o(-3).
18
Suppose -201 = -63*p - 16*p + 12*p. Let j(b) be the third derivative of -1/3*b**4 + 0*b + 0 - 13*b**2 + 1/2*b**p. Calculate j(2).
-13
Let t(y) = -2*y**3 + 6*y**2 + 8*y - 3. Let n(f) = -4*f**3 + 13*f**2 + 16*f - 7. Let s(r) = -4*n(r) + 9*t(r). What is s(-4)?
129
Let k(u) = 3*u - 24. Let p = -82 - -161. Suppose p*t - 210 = 49*t. What is k(t)?
-3
Suppose -4*p + 4*k + 24 = 0, 5*p - 8 = -k - 2. Let c(l) = -l**3 - 3*l**2 + 4*l + 1. Calculate c(p).
-11
Let b(t) = 20*t**3 - 4*t**2 + 3*t + 5. Let f(a) = 41*a**3 - 9*a**2 + 7*a + 11. Let n(m) = -9*b(m) + 4*f(m). Let v be (-32)/(-1232) - (-825)/847. Determine n(v).
-16
Let k(b) = -197*b + 217*b + 282 - 280. Give k(1).
22
Let d be 7/((-70)/3) - (140/75 + -3). Let t(b) be the third derivative of 1/60*b**5 - d*b**3 + 0 - 24*b**2 - 1/24*b**4 + 0*b. Determine t(4).
7
Suppose -2*z - 2*z = -n + 60, 0 = -5*z + 5. Suppose 37*i - 84 = n. Let g(x) = 3*x - 2*x - 3*x. What is g(i)?
-8
Suppose 24 = -5*w + 33*m - 35*m, 4*w - m + 27 = 0. Let n(u) = -u**3 - 6*u**2 + u - 1. Give n(w).
-7
Let s(g) = -3*g**2 - 1. Let a(t) = t**2 + 98*t + 463. Let w be a(-5). What is s(w)?
-13
Let q be ((-21)/(-5) - -2) + 102/(-85). Let b(m) = -5 + m - 1 + 0. Give b(q).
-1
Suppose -11*v + 3 = -12*v. Let h(g) = 7*g**2 + g - 4. Let u(d) = -13*d**2 - 2*d + 7. Let w(z) = 11*h(z) + 6*u(z). Give w(v).
-8
Let h(d) = 3*d**2 - 7*d + 22. Let j(x) = 2*x**2 + x - 4. Let a(m) = h(m) - j(m). Give a(5).
11
Let x(n) be the third derivative of -n**5/20 + 5*n**4/24 + 2*n**2 + 1191*n. Give x(7).
-112
Suppose k + 3*a + 27 = -k, -15 = 2*k - a. Let z(h) = -7*h - 61. Let r be z(k). Let v(y) = -9*y - 4 - r - y**2 + 3*y. Determine v(-7).
-13
Let q(r) = 2*r**2 + 6*r - 1. Let j(f) be the first derivative of -15 + f**3 - f + 11/2*f**2. Let y(m) = -3*j(m) + 5*q(m). Calculate y(3).
-2
Let s be 2/4 + 1/(-2). Let k(m) = -m. Let h(w) = -w**2 - 2*w - 8. Let y = -245 + 247. Let q(o) = y*k(o) - h(o). Calculate q(s).
8
Let p(a) = -a**3 - a**2 + 6*a + 11. Suppose 43*l - 40*l = 54. Suppose 196*m = 187*m - l. Determine p(m).
3
Let k(m) = 2*m - 20. Let b = 3375 - 3360. Calculate k(b).
10
Let g(l) = -4*l + 1. Suppose -k + 2*t = -215, 7*t + 875 = 4*k + 4*t. Let u = -220 + k. Calculate g(u).
-3
Let m(y) = -18*y**2 - 141*y + 56. Let o(w) = -11*w**2 - 85*w + 33. Let i(b) = -14*m(b) + 23*o(b). Give i(15).
35
Let v(a) = 2*a**3 + 2*a**2 + a. Suppose z + 3*u + 36 = 4*z, 0 = z + 2*u - 3. Suppose -b + 1 = -3*k, -4*b + k - z = 2*k. Give v(b).
-10
Let h = -8861 - -8862. Let m(j) = j + 6. What is m(h)?
7
Let g = 29 - 33. Let t be ((-10)/g)/((-11)/(-2) - 5). Let b(v) = -v**2 + 5*v - 1. Calculate b(t).
-1
Let j = -844 + 833. Let s(d) = d**2 + 11*d + 24. Calculate s(j).
24
Let h(u) = -u**2 - 14*u + 4. Let l(f) = f**2 + 12*f - 2. Let k be 3 + -1 + 90/(-18). Let i(p) = k*l(p) - 2*h(p). Give i(-8).
-2
Let p(f) = f**3 + f**2 - 2*f - 6. Let a(s) = 93*s - 2513. Let y be a(27). What is p(y)?
-6
Let z(q) = q**3 + 11*q**2 + 11*q + 13. Let y be z(-10). Suppose -c = y*c - 5*f - 10, 2*c = 5*f + 10. Let a(t) = t**3 - t**2 + 4. Determine a(c).
4
Let c(w) = -w**2 - 3*w + 10. Suppose 28 = 24*q + 196. What is c(q)?
-18
Let l = -3792 + 3800. Let u(s) = s**3 - 9*s**2 + 12*s - 7. What is u(l)?
25
Let o = -453 + 450. Let c = 4 + -5. Let d(q) = 1. Let u(a) = -a**2 - 2*a + 2. Let x(v) = c*d(v) - u(v). What is x(o)?
0
Let s(m) = -1367*m - 8. Let d(r) = -781*r - 4. Let c(i) = 7*d(i) - 4*s(i). Suppose -31 = -2*g - 5. Suppose 3*n = -g + 4. Determine c(n).
1
Let t(n) = -n + 13. Suppose -5*v + 126 = 3*w - 45, -4*v - 3*w + 135 = 0. Suppose -2*z = -5*j + z + 43, -2*z = -4*j + v. What is t(j)?
2
Let b(y) = -54*y**2 - 4*y - 1. Let g be b(-2). Let t = 112 + g. Let w = t + 88. Let x(f) = f**3 + 10*f**2 + 8*f + 2. Give x(w).
11
Let o(b) be the first derivative of 1 + 0*b + 1/2*b**2 - 10/3*b**3. Let r(v) = -244*v - 17567. Let a be r(-72). Give o(a).
-9
Suppose -8*p + 5*f = -3*p + 5, -4*f + 14 = p. Suppose -2*u - 5*d = -6*u + 26, 2*d = p*u - 12. Let l(o) = -o**2 + 4*o + 4. Give l(u).
4
Let t(b) = -10*b + 18. Let a(p) = -p**2 + 22*p - 110. Let d be a(14). Determine t(d).
-2
Let j(t) be the third derivative